{"id":7025,"date":"2023-03-17T17:43:21","date_gmt":"2023-03-17T16:43:21","guid":{"rendered":"https:\/\/www.new-humanity.org\/?post_type=project&#038;p=7025"},"modified":"2025-02-13T11:46:59","modified_gmt":"2025-02-13T10:46:59","slug":"afr-e-s-h","status":"publish","type":"project","link":"https:\/\/www.new-humanity.org\/es\/project\/afr-e-s-h\/","title":{"rendered":"AFR.E.S.H"},"content":{"rendered":"<p>El t\u00edtulo del proyecto pretende marcar el deseo de los asociados de redefinir las relaciones Europa-\u00c1frica en una nueva dimensi\u00f3n horizontal despu\u00e9s del marco colonial &#8220;vertical&#8221;; <strong>&#8220;AFR.E.S.H.&#8221;&nbsp;<\/strong> representa un acr\u00f3nimo que significa: <strong>&#8220;\u00c1frica &nbsp;y &nbsp;Europa, &nbsp;el mismo horizonte&#8221;&nbsp;<\/strong> <strong>(Africa and Europe Same Horizon) <\/strong>para resaltar c\u00f3mo&nbsp; los &nbsp;dos continentes cooperar\u00e1n para abordar desaf\u00edos globales como los flujos migratorios, el cambio clim\u00e1tico, la desigualdad y los conflictos.<\/p>\n<p><div class=\"cookieconsent-optout-marketing\">\n                        <a href=\"javascript:Cookiebot.renew()\" style=\"background: url(https:\/\/www.new-humanity.org\/wp-content\/plugins\/yt-placeholder-cookiebot\/assets\/placeholder.jpg) no-repeat center center \/ cover; aspect-ratio: 1 \/ 0.48; width: 100%; display: block; margin: 20px 0; position: relative; background-size: cover; background-position: center;\">\n                            <span style=\"position: absolute; bottom: 20px; width: 100%; padding: 0 5%; text-align: center; box-sizing: border-box;\">Para ver este v\u00eddeo, es necesario habilitar todas las cookies<\/span>\n                        <\/a>\n                   <\/div><iframe loading=\"lazy\" title=\"AFR.E.S.H project\" width=\"500\" height=\"281\" src=\"https:\/\/www.youtube.com\/embed\/t2r7K5Z0I-s?feature=oembed\" frameborder=\"0\" allow=\"accelerometer; autoplay; clipboard-write; encrypted-media; gyroscope; picture-in-picture; web-share\" referrerpolicy=\"strict-origin-when-cross-origin\" allowfullscreen><\/iframe><\/p>\n<h3>&nbsp;<\/h3>\n<h3><strong>Objetivos<\/strong><\/h3>\n<ul>\n<li>Desarrollar las actitudes de liderazgo de j\u00f3venes africanos y europeos, para que puedan desempe\u00f1ar un papel como ciudadanos activos en sus comunidades a trav\u00e9s de 5 programas educativos complementarios que promueven habilidades emocionales y relacionales, habilidades de comunicaci\u00f3n y digitales, conocimiento de herramientas de participaci\u00f3n c\u00edvica.<\/li>\n<li>Reforzar la cooperaci\u00f3n transnacional entre las organizaciones de la sociedad civil de \u00c1frica y Europa, su &nbsp;impacto social y su sostenibilidad, &nbsp;con un enfoque centrado en la juventud, proporcionando intercambios internacionales en l\u00ednea &nbsp;para compartir las mejores pr\u00e1cticas, las perspectivas interculturales y tener en cuenta las implicaciones locales de los desaf\u00edos mundiales.<\/li>\n<\/ul>\n<p>Dado el tama\u00f1o de la red y los diferentes programas educativos activados, el proyecto involucrar\u00e1 directamente a 1.250 j\u00f3venes participantes y 125 formadores.<\/p>\n<h2 style=\"text-align: left;\"><strong>&#x27a1;&#xfe0f;&#x1f4da; Accede a nuestros materiales de formaci\u00f3n<\/strong><\/h2>\n<ul>\n<li><strong>Cursos en l\u00ednea<\/strong><\/li>\n<\/ul>\n<h3 style=\"text-align: left;\"><strong>&#x1f4f2;&#x1f469;&#x1f3fb;&#x200d;&#x1f4bb; <a href=\"https:\/\/www.new-humanity.org\/en\/projects\/media-literacy-training-for-youth-workers\/\" target=\"_blank\" rel=\"noopener\">Formaci\u00f3n sobre alfabetizaci\u00f3n medi\u00e1tica para trabajadores en el \u00e1mbito de la juventud<\/a><\/strong><\/h3>\n<h3 style=\"text-align: left;\"><strong>&#x1f50e;&#x1f4ca; <a href=\"https:\/\/www.new-humanity.org\/en\/projects\/social-impact-evaluation-workshop\/\" target=\"_blank\" rel=\"noopener\">Taller de evaluaci\u00f3n del impacto social<\/a><\/strong><\/h3>\n<h3 style=\"text-align: left;\"><strong>&#x1f3af;&#x1f5d3;&#xfe0f; <a href=\"https:\/\/www.new-humanity.org\/progetti\/percorso-di-formazione-online-afr-e-s-h\/\" target=\"_blank\" rel=\"noopener\">Dise\u00f1o y Planificaci\u00f3n Estrat\u00e9gica<\/a><\/strong><\/h3>\n<ul>\n<li style=\"text-align: left;\"><strong>Material de Estudio<\/strong><\/li>\n<\/ul>\n<h3 style=\"text-align: left;\"><strong>&#x1f4ab;&#x1f30d; <a href=\"https:\/\/www.new-humanity.org\/en\/projects\/together-for-a-new-africa-2023\/\" target=\"_blank\" rel=\"noopener\">Escuela de Verano Juntos por una Nueva \u00c1frica 2023<\/a><\/strong><\/h3>\n<h3 style=\"text-align: left;\"><strong>&#x1f680;&#x1f30d; <a href=\"https:\/\/www.new-humanity.org\/en\/projects\/summer-school-together-for-a-new-africa-2024\/\" target=\"_blank\" rel=\"noopener\">Escuela de Verano Juntos por una Nueva \u00c1frica 2024<\/a><\/strong><\/h3>\n<h3 style=\"text-align: left;\"><strong>&#x1f91d;&#x1f33f; <a href=\"https:\/\/www.new-humanity.org\/en\/projects\/relational-sustainability-international-congress-2\/\" target=\"_blank\" rel=\"noopener\">Sostenibilidad Relacional &#8211; Congreso Internacional<\/a><\/strong><\/h3>\n<p>&nbsp;<\/p>\n<p><strong><a href=\"https:\/\/www.new-humanity.org\/wp-content\/uploads\/2024\/03\/AFRESH_Privacy_Policy.pdf\" target=\"_blank\" rel=\"noopener\">PRIVACY POLICY &#8211; AFRESH<\/a><\/strong><\/p>\n<p><span style=\"font-weight: 400;\">For more information: <a href=\"mailto:projects@new-humanity.org\">projects@new-humanity.org<\/a><\/span><\/p>\n","protected":false},"featured_media":6998,"template":"","meta":{"ngg_post_thumbnail":0},"acf":[],"yoast_head":"<!-- This site is optimized with the Yoast SEO plugin v21.9.1 - https:\/\/yoast.com\/wordpress\/plugins\/seo\/ -->\n<title>AFR.E.S.H | New Humanity<\/title>\n<meta name=\"description\" content=\"El t\u00edtulo del proyecto pretende marcar el deseo de los asociados de redefinir las relaciones Europa-\u00c1frica en una nueva dimensi\u00f3n horizontal despu\u00e9s del\" \/>\n<meta name=\"robots\" content=\"index, follow, max-snippet:-1, max-image-preview:large, max-video-preview:-1\" \/>\n<link rel=\"canonical\" href=\"https:\/\/www.new-humanity.org\/es\/project\/afr-e-s-h\/\" \/>\n<meta property=\"og:locale\" content=\"es_ES\" \/>\n<meta property=\"og:type\" content=\"article\" \/>\n<meta property=\"og:title\" content=\"AFR.E.S.H | New Humanity\" \/>\n<meta property=\"og:description\" content=\"El t\u00edtulo del proyecto pretende marcar el deseo de los asociados de redefinir las relaciones Europa-\u00c1frica en una nueva dimensi\u00f3n horizontal despu\u00e9s del\" \/>\n<meta property=\"og:url\" content=\"https:\/\/www.new-humanity.org\/es\/project\/afr-e-s-h\/\" \/>\n<meta property=\"og:site_name\" content=\"New Humanity\" \/>\n<meta property=\"article:modified_time\" content=\"2025-02-13T10:46:59+00:00\" \/>\n<meta property=\"og:image\" content=\"https:\/\/www.new-humanity.org\/wp-content\/uploads\/2023\/03\/AFR.E.S.H-PROJECT.png\" \/>\n\t<meta property=\"og:image:width\" content=\"1198\" \/>\n\t<meta property=\"og:image:height\" content=\"698\" \/>\n\t<meta property=\"og:image:type\" content=\"image\/png\" \/>\n<meta name=\"twitter:card\" content=\"summary_large_image\" \/>\n<meta name=\"twitter:label1\" content=\"Est. reading time\" \/>\n\t<meta name=\"twitter:data1\" content=\"4 minutes\" \/>\n<script type=\"application\/ld+json\" class=\"yoast-schema-graph\">{\"@context\":\"https:\/\/schema.org\",\"@graph\":[{\"@type\":\"WebPage\",\"@id\":\"https:\/\/www.new-humanity.org\/es\/project\/afr-e-s-h\/\",\"url\":\"https:\/\/www.new-humanity.org\/es\/project\/afr-e-s-h\/\",\"name\":\"AFR.E.S.H | New Humanity\",\"isPartOf\":{\"@id\":\"https:\/\/www.new-humanity.org\/es\/#website\"},\"datePublished\":\"2023-03-17T16:43:21+00:00\",\"dateModified\":\"2025-02-13T10:46:59+00:00\",\"description\":\"El t\u00edtulo del proyecto pretende marcar el deseo de los asociados de redefinir las relaciones Europa-\u00c1frica en una nueva dimensi\u00f3n horizontal despu\u00e9s del\",\"breadcrumb\":{\"@id\":\"https:\/\/www.new-humanity.org\/es\/project\/afr-e-s-h\/#breadcrumb\"},\"inLanguage\":\"es-ES\",\"potentialAction\":[{\"@type\":\"ReadAction\",\"target\":[\"https:\/\/www.new-humanity.org\/es\/project\/afr-e-s-h\/\"]}]},{\"@type\":\"BreadcrumbList\",\"@id\":\"https:\/\/www.new-humanity.org\/es\/project\/afr-e-s-h\/#breadcrumb\",\"itemListElement\":[{\"@type\":\"ListItem\",\"position\":1,\"name\":\"Home\",\"item\":\"https:\/\/www.new-humanity.org\/es\/\"},{\"@type\":\"ListItem\",\"position\":2,\"name\":\"AFR.E.S.H\"}]},{\"@type\":\"WebSite\",\"@id\":\"https:\/\/www.new-humanity.org\/es\/#website\",\"url\":\"https:\/\/www.new-humanity.org\/es\/\",\"name\":\"New Humanity\",\"description\":\"Per un mondo unito\",\"publisher\":{\"@id\":\"https:\/\/www.new-humanity.org\/es\/#organization\"},\"potentialAction\":[{\"@type\":\"SearchAction\",\"target\":{\"@type\":\"EntryPoint\",\"urlTemplate\":\"https:\/\/www.new-humanity.org\/es\/?s={search_term_string}\"},\"query-input\":\"required name=search_term_string\"}],\"inLanguage\":\"es-ES\"},{\"@type\":\"Organization\",\"@id\":\"https:\/\/www.new-humanity.org\/es\/#organization\",\"name\":\"New Humanity\",\"url\":\"https:\/\/www.new-humanity.org\/es\/\",\"logo\":{\"@type\":\"ImageObject\",\"inLanguage\":\"es-ES\",\"@id\":\"https:\/\/www.new-humanity.org\/es\/#\/schema\/logo\/image\/\",\"url\":\"https:\/\/www.new-humanity.org\/wp-content\/uploads\/2022\/01\/logo.jpg\",\"contentUrl\":\"https:\/\/www.new-humanity.org\/wp-content\/uploads\/2022\/01\/logo.jpg\",\"width\":520,\"height\":128,\"caption\":\"New Humanity\"},\"image\":{\"@id\":\"https:\/\/www.new-humanity.org\/es\/#\/schema\/logo\/image\/\"}}]}<\/script>\n<!-- \/ Yoast SEO plugin. -->","yoast_head_json":{"title":"AFR.E.S.H | New Humanity","description":"El t\u00edtulo del proyecto pretende marcar el deseo de los asociados de redefinir las relaciones Europa-\u00c1frica en una nueva dimensi\u00f3n horizontal despu\u00e9s del","robots":{"index":"index","follow":"follow","max-snippet":"max-snippet:-1","max-image-preview":"max-image-preview:large","max-video-preview":"max-video-preview:-1"},"canonical":"https:\/\/www.new-humanity.org\/es\/project\/afr-e-s-h\/","og_locale":"es_ES","og_type":"article","og_title":"AFR.E.S.H | New Humanity","og_description":"El t\u00edtulo del proyecto pretende marcar el deseo de los asociados de redefinir las relaciones Europa-\u00c1frica en una nueva dimensi\u00f3n horizontal despu\u00e9s del","og_url":"https:\/\/www.new-humanity.org\/es\/project\/afr-e-s-h\/","og_site_name":"New Humanity","article_modified_time":"2025-02-13T10:46:59+00:00","og_image":[{"width":1198,"height":698,"url":"https:\/\/www.new-humanity.org\/wp-content\/uploads\/2023\/03\/AFR.E.S.H-PROJECT.png","type":"image\/png"}],"twitter_card":"summary_large_image","twitter_misc":{"Est. reading time":"4 minutes"},"schema":{"@context":"https:\/\/schema.org","@graph":[{"@type":"WebPage","@id":"https:\/\/www.new-humanity.org\/es\/project\/afr-e-s-h\/","url":"https:\/\/www.new-humanity.org\/es\/project\/afr-e-s-h\/","name":"AFR.E.S.H | New Humanity","isPartOf":{"@id":"https:\/\/www.new-humanity.org\/es\/#website"},"datePublished":"2023-03-17T16:43:21+00:00","dateModified":"2025-02-13T10:46:59+00:00","description":"El t\u00edtulo del proyecto pretende marcar el deseo de los asociados de redefinir las relaciones Europa-\u00c1frica en una nueva dimensi\u00f3n horizontal despu\u00e9s del","breadcrumb":{"@id":"https:\/\/www.new-humanity.org\/es\/project\/afr-e-s-h\/#breadcrumb"},"inLanguage":"es-ES","potentialAction":[{"@type":"ReadAction","target":["https:\/\/www.new-humanity.org\/es\/project\/afr-e-s-h\/"]}]},{"@type":"BreadcrumbList","@id":"https:\/\/www.new-humanity.org\/es\/project\/afr-e-s-h\/#breadcrumb","itemListElement":[{"@type":"ListItem","position":1,"name":"Home","item":"https:\/\/www.new-humanity.org\/es\/"},{"@type":"ListItem","position":2,"name":"AFR.E.S.H"}]},{"@type":"WebSite","@id":"https:\/\/www.new-humanity.org\/es\/#website","url":"https:\/\/www.new-humanity.org\/es\/","name":"New Humanity","description":"Per un mondo unito","publisher":{"@id":"https:\/\/www.new-humanity.org\/es\/#organization"},"potentialAction":[{"@type":"SearchAction","target":{"@type":"EntryPoint","urlTemplate":"https:\/\/www.new-humanity.org\/es\/?s={search_term_string}"},"query-input":"required name=search_term_string"}],"inLanguage":"es-ES"},{"@type":"Organization","@id":"https:\/\/www.new-humanity.org\/es\/#organization","name":"New Humanity","url":"https:\/\/www.new-humanity.org\/es\/","logo":{"@type":"ImageObject","inLanguage":"es-ES","@id":"https:\/\/www.new-humanity.org\/es\/#\/schema\/logo\/image\/","url":"https:\/\/www.new-humanity.org\/wp-content\/uploads\/2022\/01\/logo.jpg","contentUrl":"https:\/\/www.new-humanity.org\/wp-content\/uploads\/2022\/01\/logo.jpg","width":520,"height":128,"caption":"New Humanity"},"image":{"@id":"https:\/\/www.new-humanity.org\/es\/#\/schema\/logo\/image\/"}}]}},"_links":{"self":[{"href":"https:\/\/www.new-humanity.org\/es\/wp-json\/wp\/v2\/project\/7025"}],"collection":[{"href":"https:\/\/www.new-humanity.org\/es\/wp-json\/wp\/v2\/project"}],"about":[{"href":"https:\/\/www.new-humanity.org\/es\/wp-json\/wp\/v2\/types\/project"}],"wp:featuredmedia":[{"embeddable":true,"href":"https:\/\/www.new-humanity.org\/es\/wp-json\/wp\/v2\/media\/6998"}],"wp:attachment":[{"href":"https:\/\/www.new-humanity.org\/es\/wp-json\/wp\/v2\/media?parent=7025"}],"curies":[{"name":"wp","href":"https:\/\/api.w.org\/{rel}","templated":true}]}}

<p>El título del proyecto pretende marcar el deseo de los asociados de redefinir las relaciones Europa-África en una nueva dimensión horizontal después del marco colonial &#8220;vertical&#8221;; <strong>&#8220;AFR.E.S.H.&#8221;&nbsp;</strong> representa un acrónimo que significa: <strong>&#8220;África &nbsp;y &nbsp;Europa, &nbsp;el mismo horizonte&#8221;&nbsp;</strong> <strong>(Africa and Europe Same Horizon) </strong>para resaltar cómo&nbsp; los &nbsp;dos continentes cooperarán para abordar desafíos globales como los flujos migratorios, el cambio climático, la desigualdad y los conflictos.</p>
<p><div class="cookieconsent-optout-marketing">
                        <a href="javascript:Cookiebot.renew()" style="background: url(https://www.new-humanity.org/wp-content/plugins/yt-placeholder-cookiebot/assets/placeholder.jpg) no-repeat center center / cover; aspect-ratio: 1 / 0.48; width: 100%; display: block; margin: 20px 0; position: relative; background-size: cover; background-position: center;">
                            <span style="position: absolute; bottom: 20px; width: 100%; padding: 0 5%; text-align: center; box-sizing: border-box;">Para ver este vídeo, es necesario habilitar todas las cookies</span>
                        </a>
                   </div><iframe loading="lazy" title="AFR.E.S.H project" width="500" height="281" src="https://www.youtube.com/embed/t2r7K5Z0I-s?feature=oembed" frameborder="0" allow="accelerometer; autoplay; clipboard-write; encrypted-media; gyroscope; picture-in-picture; web-share" referrerpolicy="strict-origin-when-cross-origin" allowfullscreen></iframe></p>
<h3>&nbsp;</h3>
<h3><strong>Objetivos</strong></h3>
<ul>
<li>Desarrollar las actitudes de liderazgo de jóvenes africanos y europeos, para que puedan desempeñar un papel como ciudadanos activos en sus comunidades a través de 5 programas educativos complementarios que promueven habilidades emocionales y relacionales, habilidades de comunicación y digitales, conocimiento de herramientas de participación cívica.</li>
<li>Reforzar la cooperación transnacional entre las organizaciones de la sociedad civil de África y Europa, su &nbsp;impacto social y su sostenibilidad, &nbsp;con un enfoque centrado en la juventud, proporcionando intercambios internacionales en línea &nbsp;para compartir las mejores prácticas, las perspectivas interculturales y tener en cuenta las implicaciones locales de los desafíos mundiales.</li>
</ul>
<p>Dado el tamaño de la red y los diferentes programas educativos activados, el proyecto involucrará directamente a 1.250 jóvenes participantes y 125 formadores.</p>
<h2 style="text-align: left;"><strong>&#x27a1;&#xfe0f;&#x1f4da; Accede a nuestros materiales de formación</strong></h2>
<ul>
<li><strong>Cursos en línea</strong></li>
</ul>
<h3 style="text-align: left;"><strong>&#x1f4f2;&#x1f469;&#x1f3fb;&#x200d;&#x1f4bb; <a href="https://www.new-humanity.org/en/projects/media-literacy-training-for-youth-workers/" target="_blank" rel="noopener">Formación sobre alfabetización mediática para trabajadores en el ámbito de la juventud</a></strong></h3>
<h3 style="text-align: left;"><strong>&#x1f50e;&#x1f4ca; <a href="https://www.new-humanity.org/en/projects/social-impact-evaluation-workshop/" target="_blank" rel="noopener">Taller de evaluación del impacto social</a></strong></h3>
<h3 style="text-align: left;"><strong>&#x1f3af;&#x1f5d3;&#xfe0f; <a href="https://www.new-humanity.org/progetti/percorso-di-formazione-online-afr-e-s-h/" target="_blank" rel="noopener">Diseño y Planificación Estratégica</a></strong></h3>
<ul>
<li style="text-align: left;"><strong>Material de Estudio</strong></li>
</ul>
<h3 style="text-align: left;"><strong>&#x1f4ab;&#x1f30d; <a href="https://www.new-humanity.org/en/projects/together-for-a-new-africa-2023/" target="_blank" rel="noopener">Escuela de Verano Juntos por una Nueva África 2023</a></strong></h3>
<h3 style="text-align: left;"><strong>&#x1f680;&#x1f30d; <a href="https://www.new-humanity.org/en/projects/summer-school-together-for-a-new-africa-2024/" target="_blank" rel="noopener">Escuela de Verano Juntos por una Nueva África 2024</a></strong></h3>
<h3 style="text-align: left;"><strong>&#x1f91d;&#x1f33f; <a href="https://www.new-humanity.org/en/projects/relational-sustainability-international-congress-2/" target="_blank" rel="noopener">Sostenibilidad Relacional &#8211; Congreso Internacional</a></strong></h3>
<p>&nbsp;</p>
<p><strong><a href="https://www.new-humanity.org/wp-content/uploads/2024/03/AFRESH_Privacy_Policy.pdf" target="_blank" rel="noopener">PRIVACY POLICY &#8211; AFRESH</a></strong></p>
<p><span style="font-weight: 400;">For more information: <a href="mailto:projects@new-humanity.org">projects@new-humanity.org</a></span></p>

<!-- This site is optimized with the Yoast SEO plugin v21.9.1 - https://yoast.com/wordpress/plugins/seo/ -->
<title>AFR.E.S.H | New Humanity</title>
<meta name="description" content="El título del proyecto pretende marcar el deseo de los asociados de redefinir las relaciones Europa-África en una nueva dimensión horizontal después del" />
<meta name="robots" content="index, follow, max-snippet:-1, max-image-preview:large, max-video-preview:-1" />
<link rel="canonical" href="https://www.new-humanity.org/es/project/afr-e-s-h/" />
<meta property="og:locale" content="es_ES" />
<meta property="og:type" content="article" />
<meta property="og:title" content="AFR.E.S.H | New Humanity" />
<meta property="og:description" content="El título del proyecto pretende marcar el deseo de los asociados de redefinir las relaciones Europa-África en una nueva dimensión horizontal después del" />
<meta property="og:url" content="https://www.new-humanity.org/es/project/afr-e-s-h/" />
<meta property="og:site_name" content="New Humanity" />
<meta property="article:modified_time" content="2025-02-13T10:46:59+00:00" />
<meta property="og:image" content="https://www.new-humanity.org/wp-content/uploads/2023/03/AFR.E.S.H-PROJECT.png" />
	<meta property="og:image:width" content="1198" />
	<meta property="og:image:height" content="698" />
	<meta property="og:image:type" content="image/png" />
<meta name="twitter:card" content="summary_large_image" />
<meta name="twitter:label1" content="Est. reading time" />
	<meta name="twitter:data1" content="4 minutes" />
<script type="application/ld+json" class="yoast-schema-graph">{"@context":"https://schema.org","@graph":[{"@type":"WebPage","@id":"https://www.new-humanity.org/es/project/afr-e-s-h/","url":"https://www.new-humanity.org/es/project/afr-e-s-h/","name":"AFR.E.S.H | New Humanity","isPartOf":{"@id":"https://www.new-humanity.org/es/#website"},"datePublished":"2023-03-17T16:43:21+00:00","dateModified":"2025-02-13T10:46:59+00:00","description":"El título del proyecto pretende marcar el deseo de los asociados de redefinir las relaciones Europa-África en una nueva dimensión horizontal después del","breadcrumb":{"@id":"https://www.new-humanity.org/es/project/afr-e-s-h/#breadcrumb"},"inLanguage":"es-ES","potentialAction":[{"@type":"ReadAction","target":["https://www.new-humanity.org/es/project/afr-e-s-h/"]}]},{"@type":"BreadcrumbList","@id":"https://www.new-humanity.org/es/project/afr-e-s-h/#breadcrumb","itemListElement":[{"@type":"ListItem","position":1,"name":"Home","item":"https://www.new-humanity.org/es/"},{"@type":"ListItem","position":2,"name":"AFR.E.S.H"}]},{"@type":"WebSite","@id":"https://www.new-humanity.org/es/#website","url":"https://www.new-humanity.org/es/","name":"New Humanity","description":"Per un mondo unito","publisher":{"@id":"https://www.new-humanity.org/es/#organization"},"potentialAction":[{"@type":"SearchAction","target":{"@type":"EntryPoint","urlTemplate":"https://www.new-humanity.org/es/?s={search_term_string}"},"query-input":"required name=search_term_string"}],"inLanguage":"es-ES"},{"@type":"Organization","@id":"https://www.new-humanity.org/es/#organization","name":"New Humanity","url":"https://www.new-humanity.org/es/","logo":{"@type":"ImageObject","inLanguage":"es-ES","@id":"https://www.new-humanity.org/es/#/schema/logo/image/","url":"https://www.new-humanity.org/wp-content/uploads/2022/01/logo.jpg","contentUrl":"https://www.new-humanity.org/wp-content/uploads/2022/01/logo.jpg","width":520,"height":128,"caption":"New Humanity"},"image":{"@id":"https://www.new-humanity.org/es/#/schema/logo/image/"}}]}</script>
<!-- / Yoast SEO plugin. -->

El título del proyecto pretende marcar el deseo de los asociados de redefinir las relaciones Europa-África en una nueva dimensión horizontal después del
